.
3, 19, 79
List the prime factors of 894.
2, 3, 149
What are the prime factors of 23842?
2, 7, 13, 131
What are the prime factors of 2271?
3, 757
What are the prime factors of 10681?
11, 971
List the prime factors of 190.
2, 5, 19
What are the prime factors of 3421?
11, 311
List the prime factors of 62872.
2, 29, 271
List the prime factors of 84161.
7, 11, 1093
List the prime factors of 16949.
17, 997
List the prime factors of 12533.
83, 151
List the prime factors of 1484.
2, 7, 53
List the prime factors of 69529.
23, 3023
What are the prime factors of 65744?
2, 7, 587
List the prime factors of 30211.
30211
What are the prime factors of 748?
2, 11, 17
What are the prime factors of 2659?
2659
What are the prime factors of 23515?
5, 4703
What are the prime factors of 42635?
5, 8527
List the prime factors of 6913.
31, 223
What are the prime factors of 39636?
2, 3, 367
List the prime factors of 2493.
3, 277
What are the prime factors of 57445?
5, 11489
What are the prime factors of 614?
2, 307
What are the prime factors of 33188?
2, 8297
List the prime factors of 13204.
2, 3301
List the prime factors of 627.
3, 11, 19
What are the prime factors of 15359?
15359
What are the prime factors of 12791?
12791
List the prime factors of 1651.
13, 127
List the prime factors of 4785.
3, 5, 11, 29
List the prime factors of 454.
2, 227
What are the prime factors of 967?
967
List the prime factors of 1010.
2, 5, 101
What are the prime factors of 986?
2, 17, 29
List the prime factors of 14143.
14143
List the prime factors of 143.
11, 13
List the prime factors of 6614.
2, 3307
What are the prime factors of 4407?
3, 13, 113
What are the prime factors of 2024?
2, 11, 23
What are the prime factors of 21714?
2, 3, 7, 11, 47
What are the prime factors of 3388?
2, 7, 11
What are the prime factors of 26143?
13, 2011
List the prime factors of 25064.
2, 13, 241
What are the prime factors of 494?
2, 13, 19
List the prime factors of 1198.
2, 599
List the prime factors of 816.
2, 3, 17
What are the prime factors of 15031?
15031
List the prime factors of 10279.
19, 541
List the prime factors of 1328.
2, 83
What are the prime factors of 7834?
2, 3917
List the prime factors of 12483.
3, 19, 73
List the prime factors of 6728.
2, 29
What are the prime factors of 47211?
3, 15737
List the prime factors of 385.
5, 7, 11
What are the prime factors of 18047?
18047
List the prime factors of 172.
2, 43
What are the prime factors of 1441?
11, 131
What are the prime factors of 99?
3, 11
List the prime factors of 798.
2, 3, 7, 19
What are the prime factors of 480?
2, 3, 5
List the prime factors of 9569.
7, 1367
List the prime factors of 77.
7, 11
List the prime factors of 3899.
7, 557
What are the prime factors of 42213?
3, 14071
What are the prime factors of 5507?
5507
What are the prime factors of 4828?
2, 17, 71
What are the prime factors of 72128?
2, 7, 23
List the prime factors of 1025.
5, 41
List the prime factors of 56842.
2, 97, 293
List the prime factors of 2384.
2, 149
What are the prime factors of 143318?
2, 7, 29, 353
List the prime factors of 49300.
2, 5, 17, 29
List the prime factors of 429.
3, 11, 13
List the prime factors of 49299.
3, 16433
What are the prime factors of 87101?
7, 23, 541
List the prime factors of 123098.
2, 61, 1009
List the prime factors of 264.
2, 3, 11
What are the prime factors of 8997?
3, 2999
What are the prime factors of 6743?
11, 613
What are the prime factors of 860?
2, 5, 43
List the prime factors of 12755.
5, 2551
What are the prime factors of 16999?
89, 191
What are the prime factors of 14179?
11, 1289
What are the prime factors of 5982?
2, 3, 997
List the prime factors of 1584.
2, 3, 11
What are the prime factors of 13210?
2, 5, 1321
What are the prime factors of 32113?
17, 1889
What are the prime factors of 100686?
2, 3, 97, 173
What are the prime factors of 1646?
2, 823
What are the prime factors of 132567?
3, 44189
List the prime factors of 4438.
2, 7, 317
What are the prime factors of 1166?
2, 11, 53
What are the prime factors of 293?
293
What are the prime factors of 1433?
1433
What are the prime factors of 259?
7, 37
What are the prime factors of 17443?
17443
What are the prime factors of 1233?
3, 137
What are the prime factors of 14557?
14557
What are the prime factors of 28192?
2, 881
What are the prime factors of 32975?
5, 1319
List the prime factors of 4363.
4363
What are the prime factors of 1276?
2, 11, 29
List the prime factors of 1863.
3, 23
List the prime factors of 21246.
2, 3, 3541
List the prime factors of 858.
2, 3, 11, 13
What are the prime factors of 1987?
1987
List the prime factors of 821.
821
List the prime factors of 9.
3
What are the prime factors of 95196?
2, 3, 7933
List the prime factors of 144690.
2, 3, 5, 7, 13, 53
List the prime factors of 5601.
3, 1867
List the prime factors of 101425.
5, 4057
What are the prime factors of 14436?
2, 3, 401
What are the prime factors of 1141?
7, 163
What are the prime factors of 2012?
2, 503
What are the prime factors of 9897?
3, 3299
List the prime factors of 11025.
3, 5, 7
What are the prime factors of 22318?
2, 11159
What are the prime factors of 17846?
2, 8923
What are the prime factors of 152023?
67, 2269
List the prime factors of 21345.
3, 5, 1423
List the prime factors of 1187.
1187
List the prime factors of 3263.
13, 251
List the prime factors of 58948.
2, 14737
What are the prime factors of 95?
5, 19
List the prime factors of 1580.
2, 5, 79
What are the prime factors of 25114?
2, 29, 433
What are the prime factors of 38376?
2, 3, 13, 41
What are the prime factors of 578?
2, 17
What are the prime factors of 24839?
59, 421
List the prime factors of 4884.
2, 3, 11, 37
List the prime factors of 692.
2, 173
List the prime factors of 39626.
2, 19813
List the prime factors of 7753.
7753
What are the prime factors of 73931?
11, 13, 47
List the prime factors of 2338.
2, 7, 167
What are the prime factors of 6837?
3, 43, 53
List the prime factors of 3547.
3547
List the prime factors of 2192.
2, 137
What are the prime factors of 3549?
3, 7, 13
What are the prime factors of 60447?
3, 20149
What are the prime factors of 340?
2, 5, 17
List the prime factors of 2512.
2, 157
List the prime factors of 515.
5, 103
List the prime factors of 749.
7, 107
List the prime factors of 14481.
3, 1609
What are the prime factors of 5201?
7, 743
List the prime factors of 2660.
2, 5, 7, 19
List the prime factors of 481.
13, 37
What are the prime factors of 60494?
2, 7, 29, 149
What are the prime factors of 4059?
3, 11, 41
List the prime factors of 37838.
2, 18919
What are the prime factors of 411?
3, 137
What are the prime factors of 7953?
3, 11, 241
What are the prime factors of 4077?
3, 151
What are the prime factors of 49570?
2, 5, 4957
List the prime factors of 83383.
83383
What are the prime factors of 41497?
17, 2441
What are the prime factors of 2189?
11, 199
What are the prime factors of 393?
3, 131
What are the prime factors of 3900?
2, 3, 5, 13
What are the prime factors of 1724?
2, 431
What are the prime factors of 1866?
2, 3, 311
List the prime factors of 4779.
3, 59
What are the prime factors of 182398?
2, 91199
What are the prime factors of 2203?
2203
What are the prime factors of 62087?
47, 1321
List the prime factors of 2582.
2, 1291
What are the prime factors of 6113?
6113
What are the prime factors of 1790?
2, 5, 179
List the prime factors of 7246.
2, 3623
What are the prime factors of 6486?
2, 3, 23, 47
List the prime factors of 28261.
59, 479
What are the prime factors of 10313?
10313
What are the prime factors of 32663?
89, 367
What are the prime factors of 461?
461
What are the prime factors of 40499?
40499
What are the prime factors of 2241?
3, 83
What are the prime factors of 12590?
2, 5, 1259
List the prime factors of 6980.
2, 5, 349
List the prime factors of 968.
2, 11
List the prime factors of 65201.
113, 577
What are the prime factors of 1911?
3, 7, 13
What are the prime factors of 7238?
2, 7, 11, 47
List the prime factors of 1019.
1019
What are the prime factors of 23062?
2, 13, 887
What are the prime factors of 322?
2, 7, 23
What are the prime factors of 231?
3, 7, 11
What are the prime factors of 4741?
11, 431
What are the prime factors of 4949?
7, 101
List the prim